{"id":2743,"date":"2025-02-06T10:50:56","date_gmt":"2025-02-06T09:50:56","guid":{"rendered":"https:\/\/iuriswinery.com\/webtrgovina\/?post_type=product&#038;p=2743"},"modified":"2025-05-22T10:09:27","modified_gmt":"2025-05-22T08:09:27","slug":"merlot-reserva-075l","status":"publish","type":"product","link":"https:\/\/iuriswinery.com\/webtrgovina\/proizvod\/merlot-reserva-075l\/","title":{"rendered":"MERLOT RESERVA IURIS 0,75L"},"content":{"rendered":"<p>Elegantno i profinjeno vino iz Hrvatskog Podunavlja, od selekcije gro\u017e\u0111a, koje savr\u0161eno balansira primarne vo\u0107ne arome, utjecaj odle\u017eavanja u hrastu i tercijarne note u razvoju. Dodatak 10 % cabernet sauvignona doprinosi strukturi, osigurava \u010dvr\u0161\u0107e tanine za dulji potencijal odle\u017eavanja te dodaje kompleksnost. 12 mjeseci odle\u017eavanja u 500 L ba\u010dvama od slavonskog hrasta (kombinacija novih i starijih nepaljenih ba\u010dvi) obogatilo je vino slo\u017eenim aromatskim profilom i dodatno omek\u0161alo tanine.<\/p>\n<p>Srednje intenzivna granatna boja odra\u017eava sazrijevanje, dok miris otkriva izra\u017eene arome kuhanih crvenih bobica, te svije\u017ee brusnice, maline, borovnice i kuhane \u0161ljive. Utjecaj slavonskog hrasta pridonosi notama karamele, vanilije i suptilan dim, koji se elegantno stapaju sa zemljanim i \u0161umskim aromama u razvoju. Tanini su svilenkasti i savr\u0161eno zaokru\u017eeni, dok strukturirano tijelo vodi do dugotrajnog, toplog i elegantnog zavr\u0161etka.<\/p>\n<p>Preporu\u010damo dekantirati.<\/p>\n<p>Poslu\u017eiti na temepraturi izme\u0111u 16 i 18 \u00b0C.<\/p>\n","protected":false},"excerpt":{"rendered":"<ul>\n<li>KLASIFIKACIJA: Kvalitetno suho crno vino<\/li>\n<li>VINOGORJE: Hrvatsko Podunavlje<\/li>\n<li>SORTA: Merlot 90 %, Cabernet Sauvignon 10 %<\/li>\n<li>ODLE\u017dAVANJE: 12 mjeseci u 500 L ba\u010dvama od slavonskog hrasta (MT i stare nepaljene ba\u010dve)<\/li>\n<li>ZAPREMNINA I ALKOHOL: 0,75 l \u2013 13,50 % alk<\/li>\n<li><strong>LIMITIRANA SERIJA: 4.000 boca<\/strong><\/li>\n<li>PROIZVO\u0110A\u010c: Vinarija Iuris d.o.o.<\/li>\n<li><em>1,00L &#8211; 37,31 \u20ac<\/em><\/li>\n<\/ul>\n","protected":false},"featured_media":2744,"template":"","meta":[],"product_cat":[35],"product_tag":[68],"yoast_head":"<!-- This site is optimized with the Yoast SEO plugin v21.7 - https:\/\/yoast.com\/wordpress\/plugins\/seo\/ -->\n<title>MERLOT RESERVA IURIS 0,75L - Vinarija Iuris<\/title>\n<meta name=\"robots\" content=\"index, follow, max-snippet:-1, max-image-preview:large, max-video-preview:-1\" \/>\n<link rel=\"canonical\" href=\"https:\/\/iuriswinery.com\/webtrgovina\/proizvod\/merlot-reserva-075l\/\" \/>\n<meta property=\"og:locale\" content=\"hr_HR\" \/>\n<meta property=\"og:type\" content=\"article\" \/>\n<meta property=\"og:title\" content=\"MERLOT RESERVA IURIS 0,75L - Vinarija Iuris\" \/>\n<meta property=\"og:description\" content=\"KLASIFIKACIJA: Kvalitetno suho crno vino  VINOGORJE: Hrvatsko Podunavlje  SORTA: Merlot 90 %, Cabernet Sauvignon 10 %  ODLE\u017dAVANJE: 12 mjeseci u 500 L ba\u010dvama od slavonskog hrasta (MT i stare nepaljene ba\u010dve)  ZAPREMNINA I ALKOHOL: 0,75 l \u2013 13,50 % alk  LIMITIRANA SERIJA: 4.000 boca  PROIZVO\u0110A\u010c: Vinarija Iuris d.o.o.  1,00L - 37,31 \u20ac\" \/>\n<meta property=\"og:url\" content=\"https:\/\/iuriswinery.com\/webtrgovina\/proizvod\/merlot-reserva-075l\/\" \/>\n<meta property=\"og:site_name\" content=\"Vinarija Iuris\" \/>\n<meta property=\"article:modified_time\" content=\"2025-05-22T08:09:27+00:00\" \/>\n<meta property=\"og:image\" content=\"https:\/\/iuriswinery.com\/webtrgovina\/wp-content\/uploads\/2025\/02\/1.-Reserva-Merlot.png\" \/>\n\t<meta property=\"og:image:width\" content=\"400\" \/>\n\t<meta property=\"og:image:height\" content=\"600\" \/>\n\t<meta property=\"og:image:type\" content=\"image\/png\" \/>\n<meta name=\"twitter:card\" content=\"summary_large_image\" \/>\n<meta name=\"twitter:label1\" content=\"Procijenjeno vrijeme \u010ditanja\" \/>\n\t<meta name=\"twitter:data1\" content=\"1 minuta\" \/>\n<script type=\"application\/ld+json\" class=\"yoast-schema-graph\">{\"@context\":\"https:\/\/schema.org\",\"@graph\":[{\"@type\":\"WebPage\",\"@id\":\"https:\/\/iuriswinery.com\/webtrgovina\/proizvod\/merlot-reserva-075l\/\",\"url\":\"https:\/\/iuriswinery.com\/webtrgovina\/proizvod\/merlot-reserva-075l\/\",\"name\":\"MERLOT RESERVA IURIS 0,75L - Vinarija Iuris\",\"isPartOf\":{\"@id\":\"https:\/\/iuriswinery.com\/webtrgovina\/#website\"},\"datePublished\":\"2025-02-06T09:50:56+00:00\",\"dateModified\":\"2025-05-22T08:09:27+00:00\",\"breadcrumb\":{\"@id\":\"https:\/\/iuriswinery.com\/webtrgovina\/proizvod\/merlot-reserva-075l\/#breadcrumb\"},\"inLanguage\":\"hr\",\"potentialAction\":[{\"@type\":\"ReadAction\",\"target\":[\"https:\/\/iuriswinery.com\/webtrgovina\/proizvod\/merlot-reserva-075l\/\"]}]},{\"@type\":\"BreadcrumbList\",\"@id\":\"https:\/\/iuriswinery.com\/webtrgovina\/proizvod\/merlot-reserva-075l\/#breadcrumb\",\"itemListElement\":[{\"@type\":\"ListItem\",\"position\":1,\"name\":\"Po\u010detna stranica\",\"item\":\"https:\/\/iuriswinery.com\/webtrgovina\/\"},{\"@type\":\"ListItem\",\"position\":2,\"name\":\"Trgovina\",\"item\":\"https:\/\/iuriswinery.com\/webtrgovina\/trgovina\/\"},{\"@type\":\"ListItem\",\"position\":3,\"name\":\"MERLOT RESERVA IURIS 0,75L\"}]},{\"@type\":\"WebSite\",\"@id\":\"https:\/\/iuriswinery.com\/webtrgovina\/#website\",\"url\":\"https:\/\/iuriswinery.com\/webtrgovina\/\",\"name\":\"Vinarija Iuris\",\"description\":\"Prodaja i distribucija vina\",\"publisher\":{\"@id\":\"https:\/\/iuriswinery.com\/webtrgovina\/#organization\"},\"potentialAction\":[{\"@type\":\"SearchAction\",\"target\":{\"@type\":\"EntryPoint\",\"urlTemplate\":\"https:\/\/iuriswinery.com\/webtrgovina\/?s={search_term_string}\"},\"query-input\":\"required name=search_term_string\"}],\"inLanguage\":\"hr\"},{\"@type\":\"Organization\",\"@id\":\"https:\/\/iuriswinery.com\/webtrgovina\/#organization\",\"name\":\"GASTRO PANTHEON D.O.O.\",\"url\":\"https:\/\/iuriswinery.com\/webtrgovina\/\",\"logo\":{\"@type\":\"ImageObject\",\"inLanguage\":\"hr\",\"@id\":\"https:\/\/iuriswinery.com\/webtrgovina\/#\/schema\/logo\/image\/\",\"url\":\"https:\/\/iuriswinery.com\/webtrgovina\/wp-content\/uploads\/2019\/10\/gastro-pantheon-logo.png\",\"contentUrl\":\"https:\/\/iuriswinery.com\/webtrgovina\/wp-content\/uploads\/2019\/10\/gastro-pantheon-logo.png\",\"width\":174,\"height\":78,\"caption\":\"GASTRO PANTHEON D.O.O.\"},\"image\":{\"@id\":\"https:\/\/iuriswinery.com\/webtrgovina\/#\/schema\/logo\/image\/\"}}]}<\/script>\n<!-- \/ Yoast SEO plugin. -->","yoast_head_json":{"title":"MERLOT RESERVA IURIS 0,75L - Vinarija Iuris","robots":{"index":"index","follow":"follow","max-snippet":"max-snippet:-1","max-image-preview":"max-image-preview:large","max-video-preview":"max-video-preview:-1"},"canonical":"https:\/\/iuriswinery.com\/webtrgovina\/proizvod\/merlot-reserva-075l\/","og_locale":"hr_HR","og_type":"article","og_title":"MERLOT RESERVA IURIS 0,75L - Vinarija Iuris","og_description":"KLASIFIKACIJA: Kvalitetno suho crno vino  VINOGORJE: Hrvatsko Podunavlje  SORTA: Merlot 90 %, Cabernet Sauvignon 10 %  ODLE\u017dAVANJE: 12 mjeseci u 500 L ba\u010dvama od slavonskog hrasta (MT i stare nepaljene ba\u010dve)  ZAPREMNINA I ALKOHOL: 0,75 l \u2013 13,50 % alk  LIMITIRANA SERIJA: 4.000 boca  PROIZVO\u0110A\u010c: Vinarija Iuris d.o.o.  1,00L - 37,31 \u20ac","og_url":"https:\/\/iuriswinery.com\/webtrgovina\/proizvod\/merlot-reserva-075l\/","og_site_name":"Vinarija Iuris","article_modified_time":"2025-05-22T08:09:27+00:00","og_image":[{"width":400,"height":600,"url":"https:\/\/iuriswinery.com\/webtrgovina\/wp-content\/uploads\/2025\/02\/1.-Reserva-Merlot.png","type":"image\/png"}],"twitter_card":"summary_large_image","twitter_misc":{"Procijenjeno vrijeme \u010ditanja":"1 minuta"},"schema":{"@context":"https:\/\/schema.org","@graph":[{"@type":"WebPage","@id":"https:\/\/iuriswinery.com\/webtrgovina\/proizvod\/merlot-reserva-075l\/","url":"https:\/\/iuriswinery.com\/webtrgovina\/proizvod\/merlot-reserva-075l\/","name":"MERLOT RESERVA IURIS 0,75L - Vinarija Iuris","isPartOf":{"@id":"https:\/\/iuriswinery.com\/webtrgovina\/#website"},"datePublished":"2025-02-06T09:50:56+00:00","dateModified":"2025-05-22T08:09:27+00:00","breadcrumb":{"@id":"https:\/\/iuriswinery.com\/webtrgovina\/proizvod\/merlot-reserva-075l\/#breadcrumb"},"inLanguage":"hr","potentialAction":[{"@type":"ReadAction","target":["https:\/\/iuriswinery.com\/webtrgovina\/proizvod\/merlot-reserva-075l\/"]}]},{"@type":"BreadcrumbList","@id":"https:\/\/iuriswinery.com\/webtrgovina\/proizvod\/merlot-reserva-075l\/#breadcrumb","itemListElement":[{"@type":"ListItem","position":1,"name":"Po\u010detna stranica","item":"https:\/\/iuriswinery.com\/webtrgovina\/"},{"@type":"ListItem","position":2,"name":"Trgovina","item":"https:\/\/iuriswinery.com\/webtrgovina\/trgovina\/"},{"@type":"ListItem","position":3,"name":"MERLOT RESERVA IURIS 0,75L"}]},{"@type":"WebSite","@id":"https:\/\/iuriswinery.com\/webtrgovina\/#website","url":"https:\/\/iuriswinery.com\/webtrgovina\/","name":"Vinarija Iuris","description":"Prodaja i distribucija vina","publisher":{"@id":"https:\/\/iuriswinery.com\/webtrgovina\/#organization"},"potentialAction":[{"@type":"SearchAction","target":{"@type":"EntryPoint","urlTemplate":"https:\/\/iuriswinery.com\/webtrgovina\/?s={search_term_string}"},"query-input":"required name=search_term_string"}],"inLanguage":"hr"},{"@type":"Organization","@id":"https:\/\/iuriswinery.com\/webtrgovina\/#organization","name":"GASTRO PANTHEON D.O.O.","url":"https:\/\/iuriswinery.com\/webtrgovina\/","logo":{"@type":"ImageObject","inLanguage":"hr","@id":"https:\/\/iuriswinery.com\/webtrgovina\/#\/schema\/logo\/image\/","url":"https:\/\/iuriswinery.com\/webtrgovina\/wp-content\/uploads\/2019\/10\/gastro-pantheon-logo.png","contentUrl":"https:\/\/iuriswinery.com\/webtrgovina\/wp-content\/uploads\/2019\/10\/gastro-pantheon-logo.png","width":174,"height":78,"caption":"GASTRO PANTHEON D.O.O."},"image":{"@id":"https:\/\/iuriswinery.com\/webtrgovina\/#\/schema\/logo\/image\/"}}]}},"_links":{"self":[{"href":"https:\/\/iuriswinery.com\/webtrgovina\/wp-json\/wp\/v2\/product\/2743"}],"collection":[{"href":"https:\/\/iuriswinery.com\/webtrgovina\/wp-json\/wp\/v2\/product"}],"about":[{"href":"https:\/\/iuriswinery.com\/webtrgovina\/wp-json\/wp\/v2\/types\/product"}],"wp:featuredmedia":[{"embeddable":true,"href":"https:\/\/iuriswinery.com\/webtrgovina\/wp-json\/wp\/v2\/media\/2744"}],"wp:attachment":[{"href":"https:\/\/iuriswinery.com\/webtrgovina\/wp-json\/wp\/v2\/media?parent=2743"}],"wp:term":[{"taxonomy":"product_cat","embeddable":true,"href":"https:\/\/iuriswinery.com\/webtrgovina\/wp-json\/wp\/v2\/product_cat?post=2743"},{"taxonomy":"product_tag","embeddable":true,"href":"https:\/\/iuriswinery.com\/webtrgovina\/wp-json\/wp\/v2\/product_tag?post=2743"}],"curies":[{"name":"wp","href":"https:\/\/api.w.org\/{rel}","templated":true}]}}