{"id":1607,"date":"2019-11-06T16:06:04","date_gmt":"2019-11-06T15:06:04","guid":{"rendered":"https:\/\/iuriswinery.com\/webtrgovina\/?page_id=1607"},"modified":"2019-11-06T16:06:04","modified_gmt":"2019-11-06T15:06:04","slug":"pravila-privatnosti-2","status":"publish","type":"page","link":"https:\/\/iuriswinery.com\/webtrgovina\/pravila-privatnosti-2\/","title":{"rendered":"Pravila privatnosti"},"content":{"rendered":"<p><strong>Uvjeti privatnosti<\/strong><\/p>\n<p>Gastro pantheon d.o.o. Zagreb nositelj je prava kreiranja i objavljivanja sadr\u017eaja te upravljanja internetskim stranicama www.gastropantheon.hr, te je svaki pristup stranicama i sadr\u017eanim podacima podlo\u017ean ovim uvjetima i pravilima.<\/p>\n<p>Kori\u0161tenje sadr\u017eaja dostupnog na ovim internetskim stranicama dozvoljeno je isklju\u010divo na na\u010din i pod uvjetima odre\u0111enim ovim Uvjetima kori\u0161tenja. Svako druga\u010dije kori\u0161tenje sadr\u017eaja dostupnog na ovim internetskim stranicama podlije\u017ee odgovaraju\u0107oj pravnoj za\u0161titi i primjeni odgovaraju\u0107ih i pravno dopu\u0161tenih mjera prema Korisniku.<\/p>\n<p>Gastro pantheon d.o.o. Zagreb isklju\u010divi je vlasnik autorskog prava svih sadr\u017eaja objavljenih na ovim internetskim stranicama, ako nije druga\u010dije navedeno. Kori\u0161tenje tih sadr\u017eaja dopu\u0161teno je samo za osobne informativne svrhe. Za umno\u017eavanje, \u0161irenje, reprodukciju ili modificiranje ovih sadr\u017eaja potrebno je prethodno, izri\u010dito, pisano odobrenje dru\u0161tva Gastro pantheon d.o.o. Zagreb pa svako njegovo neovla\u0161teno kori\u0161tenje mo\u017ee predstavljati osnovu za pokretanje postupka za za\u0161titu prava.<\/p>\n<p>Gastro pantheon d.o.o. Zagreb zadr\u017eava pravo promjene ili ukidanja bilo kojeg sadr\u017eaja ili usluge na ovim internetskim stranicama, bez obaveze prethodne najave i u bilo kojem trenutku.<\/p>\n<p>Ove internetske stranice sadr\u017ee i informacije tre\u0107ih osoba i poveznice na druge internetske sadr\u017eaje, kreirane od tre\u0107ih osoba koje \u0107e se, kad god je to mogu\u0107e, ozna\u010davati kao takve. Gastro pantheon d.o.o. Zagreb nema nadzor nad navedenim informacijama i drugim internetskim sadr\u017eajima, te ni u kom slu\u010daju ne odgovara za sadr\u017eaj na vanjskim izvorima podataka do kojih mogu voditi poveznice s ovih internetskih stranica, niti odgovara odnosno upu\u0107uje na na\u010din i uvjete kori\u0161tenja tih sadr\u017eaja.<\/p>\n<p><strong>Politika privatnosti<\/strong><\/p>\n<p>Gastro pantheon d.o.o. Zagreb po\u0161tuje privatnost Korisnika svojih internetskih stranica.<\/p>\n<p>Posjetitelji web stranica dru\u0161tva Gastro pantheon d.o.o. Zagreb prijavom na newsletter jasno iskazuju interes za poslovanje dru\u0161tva i ponudu proizvoda. U skladu sa \u010dl. 6. st. 1. to\u010dka f. Op\u0107e uredbe o za\u0161titi podataka, Gastro pantheon do.o. ima legitimni interes informirati ovakve posjetitelje o ponudi proizvoda za koje su iskazali interes, te se smatra da oni takvu komunikaciju o\u010dekuju i smatraju po\u017eeljnom.<\/p>\n<p>Registriranjem na ovim internetskim stranicama, Korisnik je obavezan unijeti istinite podatke, te odabrati korisni\u010dko ime i lozinku. Potrebni su nam slijede\u0107i podaci: datum ro\u0111enja, ime i prezime, spol, OIB, adresa, e-mail adresa i broj telefona. Ovi podaci potrebni su nam radi realizacija va\u0161e narud\u017ebe, dostave robe i eventualnih pravnih postupaka vezanih uz realizaciju ugovora o kupnji robe, te ih ne\u0107emo koristiti u druge svrhe. Gastro pantheon d.o.o Zagreb ne provodi automatsku obradu va\u0161ih podataka.<\/p>\n<p>Gastro pantheon d.o.o. Zagreb podatke iz procesa registracije, te ostale podatke o Korisniku ne\u0107e davati na uvid tre\u0107oj strani niti \u0107e isti biti dostupni tre\u0107oj strani, osim u slu\u010daju kada je takva obaveza regulirana va\u017ee\u0107im propisima. Gastro pantheon d.o.o. \u0107e samo kada to zahtijeva realizacija ugovora o kupnji robe podijeliti osobne podatke kupca s pru\u017eateljima usluga dostave robe s kojima ima zaklju\u010den ugovor.<\/p>\n<p>Posebno upozoravamo da je odredbama Zakona o trgovini zabranjena prodaja alkoholnih pi\u0107a i drugih pi\u0107a koja sadr\u017ee alkohol, te smo du\u017eni uskratiti prodaju, osobama mla\u0111im od 18 godina.<\/p>\n<p>Gastro pantheon d.o.o. Zagreb zadr\u017eava pravo ukinuti ili uskratiti mogu\u0107nost kori\u0161tenja korisni\u010dkog ra\u010duna i\/ili jedne ili vi\u0161e usluga za koje je korisnik registriran, bez prethodne najave ili\/i obja\u0161njenja. Gastro pantheon d.o.o. Zagreb ne snosi odgovornost za \u0161tetu nastalu ukidanjem korisni\u010dkog ra\u010duna.<\/p>\n<p>Svaki Korisnik mo\u017ee u svakom trenutku tra\u017eiti ispravak ili dopunu svojih podataka ili opozvati danu privolu kao i ostvariti pravo na prigovor kontaktiraju\u0107i nas putem e-mail adrese: info@gastropantheon.hr ili po\u0161tom na adresu :<\/p>\n<p>Gastro pantheon d.o.o.<br \/>\nZa\u0161tita podataka<br \/>\nHra\u0161\u0107anska 40<br \/>\n10 020 Zagreb<\/p>\n<p>Osobne podatke prikupljene putem registracije na WEB shop ili prijavom na newsletter Gastro pantheon d.o.o. obra\u0111uje dok se ostvaruje svrha obrade. Podaci o kupovini preko WEB shopa ostaju pohranjeni sukladno zakonskim rokovima iz posebnih propisa, a ostali podaci mogu ostati pohranjeni deset godina.<\/p>\n<p><strong>Izmjene uvjeta kori\u0161tenja<\/strong><\/p>\n<p>Gastro pantheon d.o.o. Zagreb zadr\u017eava pravo izmjene Uvjeta kori\u0161tenja internetskih stranica u bilo kojem trenutku i bez prethodne najave, te nije niti \u0107e biti odgovoran za mogu\u0107e posljedice proiza\u0161le iz takvih promjena. Navedene promjene stupaju na snagu danom objave na ovim internetskim stranicama.<\/p>\n<p>Internet stranica\u00a0<a href=\"https:\/\/iuriswinery.com\/webtrgovina\">www.gastropantheon.hr<\/a>\u00a0koristi kola\u010di\u0107e, s primarnim ciljem omogu\u0107avanja boljeg korisni\u010dkog iskustva. Koriste se\u00a0<em>privremeni kola\u010di\u0107i<\/em>\u00a0koji isti\u0107u kada zatvorite internetski preglednik. Koristimo ih da omogu\u0107imo pristup sadr\u017eaju i omogu\u0107imo bolje kori\u0161tenje stranice kada se prijavite sa svojim podacima.<\/p>\n<p>Internetske (IP) adrese posjetitelja koriste se isklju\u010divo za izradu statisti\u010dkih izvje\u0161taja putem servisa Google Analytics. Gastro pantheon d.o.o. Zagreb putem IP adrese ne mo\u017ee jednozna\u010dno identificirati posjetitelje.<\/p>\n","protected":false},"excerpt":{"rendered":"<p>Uvjeti privatnosti Gastro pantheon d.o.o. Zagreb nositelj je prava kreiranja i objavljivanja sadr\u017eaja te upravljanja internetskim stranicama www.gastropantheon.hr, te je<\/p>\n","protected":false},"author":1,"featured_media":0,"parent":0,"menu_order":0,"comment_status":"closed","ping_status":"closed","template":"","meta":{"footnotes":""},"yoast_head":"<!-- This site is optimized with the Yoast SEO plugin v21.7 - https:\/\/yoast.com\/wordpress\/plugins\/seo\/ -->\n<title>Pravila privatnosti - Vinarija Iuris<\/title>\n<meta name=\"robots\" content=\"index, follow, max-snippet:-1, max-image-preview:large, max-video-preview:-1\" \/>\n<link rel=\"canonical\" href=\"https:\/\/iuriswinery.com\/webtrgovina\/pravila-privatnosti-2\/\" \/>\n<meta property=\"og:locale\" content=\"hr_HR\" \/>\n<meta property=\"og:type\" content=\"article\" \/>\n<meta property=\"og:title\" content=\"Pravila privatnosti - Vinarija Iuris\" \/>\n<meta property=\"og:description\" content=\"Uvjeti privatnosti Gastro pantheon d.o.o. Zagreb nositelj je prava kreiranja i objavljivanja sadr\u017eaja te upravljanja internetskim stranicama www.gastropantheon.hr, te je\" \/>\n<meta property=\"og:url\" content=\"https:\/\/iuriswinery.com\/webtrgovina\/pravila-privatnosti-2\/\" \/>\n<meta property=\"og:site_name\" content=\"Vinarija Iuris\" \/>\n<meta name=\"twitter:card\" content=\"summary_large_image\" \/>\n<meta name=\"twitter:label1\" content=\"Procijenjeno vrijeme \u010ditanja\" \/>\n\t<meta name=\"twitter:data1\" content=\"4 minute\" \/>\n<script type=\"application\/ld+json\" class=\"yoast-schema-graph\">{\"@context\":\"https:\/\/schema.org\",\"@graph\":[{\"@type\":\"WebPage\",\"@id\":\"https:\/\/iuriswinery.com\/webtrgovina\/pravila-privatnosti-2\/\",\"url\":\"https:\/\/iuriswinery.com\/webtrgovina\/pravila-privatnosti-2\/\",\"name\":\"Pravila privatnosti - Vinarija Iuris\",\"isPartOf\":{\"@id\":\"https:\/\/iuriswinery.com\/webtrgovina\/#website\"},\"datePublished\":\"2019-11-06T15:06:04+00:00\",\"dateModified\":\"2019-11-06T15:06:04+00:00\",\"breadcrumb\":{\"@id\":\"https:\/\/iuriswinery.com\/webtrgovina\/pravila-privatnosti-2\/#breadcrumb\"},\"inLanguage\":\"hr\",\"potentialAction\":[{\"@type\":\"ReadAction\",\"target\":[\"https:\/\/iuriswinery.com\/webtrgovina\/pravila-privatnosti-2\/\"]}]},{\"@type\":\"BreadcrumbList\",\"@id\":\"https:\/\/iuriswinery.com\/webtrgovina\/pravila-privatnosti-2\/#breadcrumb\",\"itemListElement\":[{\"@type\":\"ListItem\",\"position\":1,\"name\":\"Po\u010detna stranica\",\"item\":\"https:\/\/iuriswinery.com\/webtrgovina\/\"},{\"@type\":\"ListItem\",\"position\":2,\"name\":\"Pravila privatnosti\"}]},{\"@type\":\"WebSite\",\"@id\":\"https:\/\/iuriswinery.com\/webtrgovina\/#website\",\"url\":\"https:\/\/iuriswinery.com\/webtrgovina\/\",\"name\":\"Vinarija Iuris\",\"description\":\"Prodaja i distribucija vina\",\"publisher\":{\"@id\":\"https:\/\/iuriswinery.com\/webtrgovina\/#organization\"},\"potentialAction\":[{\"@type\":\"SearchAction\",\"target\":{\"@type\":\"EntryPoint\",\"urlTemplate\":\"https:\/\/iuriswinery.com\/webtrgovina\/?s={search_term_string}\"},\"query-input\":\"required name=search_term_string\"}],\"inLanguage\":\"hr\"},{\"@type\":\"Organization\",\"@id\":\"https:\/\/iuriswinery.com\/webtrgovina\/#organization\",\"name\":\"GASTRO PANTHEON D.O.O.\",\"url\":\"https:\/\/iuriswinery.com\/webtrgovina\/\",\"logo\":{\"@type\":\"ImageObject\",\"inLanguage\":\"hr\",\"@id\":\"https:\/\/iuriswinery.com\/webtrgovina\/#\/schema\/logo\/image\/\",\"url\":\"https:\/\/iuriswinery.com\/webtrgovina\/wp-content\/uploads\/2019\/10\/gastro-pantheon-logo.png\",\"contentUrl\":\"https:\/\/iuriswinery.com\/webtrgovina\/wp-content\/uploads\/2019\/10\/gastro-pantheon-logo.png\",\"width\":174,\"height\":78,\"caption\":\"GASTRO PANTHEON D.O.O.\"},\"image\":{\"@id\":\"https:\/\/iuriswinery.com\/webtrgovina\/#\/schema\/logo\/image\/\"}}]}<\/script>\n<!-- \/ Yoast SEO plugin. -->","yoast_head_json":{"title":"Pravila privatnosti - Vinarija Iuris","robots":{"index":"index","follow":"follow","max-snippet":"max-snippet:-1","max-image-preview":"max-image-preview:large","max-video-preview":"max-video-preview:-1"},"canonical":"https:\/\/iuriswinery.com\/webtrgovina\/pravila-privatnosti-2\/","og_locale":"hr_HR","og_type":"article","og_title":"Pravila privatnosti - Vinarija Iuris","og_description":"Uvjeti privatnosti Gastro pantheon d.o.o. Zagreb nositelj je prava kreiranja i objavljivanja sadr\u017eaja te upravljanja internetskim stranicama www.gastropantheon.hr, te je","og_url":"https:\/\/iuriswinery.com\/webtrgovina\/pravila-privatnosti-2\/","og_site_name":"Vinarija Iuris","twitter_card":"summary_large_image","twitter_misc":{"Procijenjeno vrijeme \u010ditanja":"4 minute"},"schema":{"@context":"https:\/\/schema.org","@graph":[{"@type":"WebPage","@id":"https:\/\/iuriswinery.com\/webtrgovina\/pravila-privatnosti-2\/","url":"https:\/\/iuriswinery.com\/webtrgovina\/pravila-privatnosti-2\/","name":"Pravila privatnosti - Vinarija Iuris","isPartOf":{"@id":"https:\/\/iuriswinery.com\/webtrgovina\/#website"},"datePublished":"2019-11-06T15:06:04+00:00","dateModified":"2019-11-06T15:06:04+00:00","breadcrumb":{"@id":"https:\/\/iuriswinery.com\/webtrgovina\/pravila-privatnosti-2\/#breadcrumb"},"inLanguage":"hr","potentialAction":[{"@type":"ReadAction","target":["https:\/\/iuriswinery.com\/webtrgovina\/pravila-privatnosti-2\/"]}]},{"@type":"BreadcrumbList","@id":"https:\/\/iuriswinery.com\/webtrgovina\/pravila-privatnosti-2\/#breadcrumb","itemListElement":[{"@type":"ListItem","position":1,"name":"Po\u010detna stranica","item":"https:\/\/iuriswinery.com\/webtrgovina\/"},{"@type":"ListItem","position":2,"name":"Pravila privatnosti"}]},{"@type":"WebSite","@id":"https:\/\/iuriswinery.com\/webtrgovina\/#website","url":"https:\/\/iuriswinery.com\/webtrgovina\/","name":"Vinarija Iuris","description":"Prodaja i distribucija vina","publisher":{"@id":"https:\/\/iuriswinery.com\/webtrgovina\/#organization"},"potentialAction":[{"@type":"SearchAction","target":{"@type":"EntryPoint","urlTemplate":"https:\/\/iuriswinery.com\/webtrgovina\/?s={search_term_string}"},"query-input":"required name=search_term_string"}],"inLanguage":"hr"},{"@type":"Organization","@id":"https:\/\/iuriswinery.com\/webtrgovina\/#organization","name":"GASTRO PANTHEON D.O.O.","url":"https:\/\/iuriswinery.com\/webtrgovina\/","logo":{"@type":"ImageObject","inLanguage":"hr","@id":"https:\/\/iuriswinery.com\/webtrgovina\/#\/schema\/logo\/image\/","url":"https:\/\/iuriswinery.com\/webtrgovina\/wp-content\/uploads\/2019\/10\/gastro-pantheon-logo.png","contentUrl":"https:\/\/iuriswinery.com\/webtrgovina\/wp-content\/uploads\/2019\/10\/gastro-pantheon-logo.png","width":174,"height":78,"caption":"GASTRO PANTHEON D.O.O."},"image":{"@id":"https:\/\/iuriswinery.com\/webtrgovina\/#\/schema\/logo\/image\/"}}]}},"_links":{"self":[{"href":"https:\/\/iuriswinery.com\/webtrgovina\/wp-json\/wp\/v2\/pages\/1607"}],"collection":[{"href":"https:\/\/iuriswinery.com\/webtrgovina\/wp-json\/wp\/v2\/pages"}],"about":[{"href":"https:\/\/iuriswinery.com\/webtrgovina\/wp-json\/wp\/v2\/types\/page"}],"author":[{"embeddable":true,"href":"https:\/\/iuriswinery.com\/webtrgovina\/wp-json\/wp\/v2\/users\/1"}],"replies":[{"embeddable":true,"href":"https:\/\/iuriswinery.com\/webtrgovina\/wp-json\/wp\/v2\/comments?post=1607"}],"version-history":[{"count":1,"href":"https:\/\/iuriswinery.com\/webtrgovina\/wp-json\/wp\/v2\/pages\/1607\/revisions"}],"predecessor-version":[{"id":1608,"href":"https:\/\/iuriswinery.com\/webtrgovina\/wp-json\/wp\/v2\/pages\/1607\/revisions\/1608"}],"wp:attachment":[{"href":"https:\/\/iuriswinery.com\/webtrgovina\/wp-json\/wp\/v2\/media?parent=1607"}],"curies":[{"name":"wp","href":"https:\/\/api.w.org\/{rel}","templated":true}]}}